30 - -11?
33021101
In base 8, what is 4 - -23034?
23040
In base 9, what is 155161 - 2?
155158
In base 10, what is 5 - 132080?
-132075
In base 14, what is -9d9 + -17?
-a12
In base 5, what is 20231034 + 13?
20231102
In base 5, what is -100013313 - 2?
-100013320
In base 12, what is -826 + 0?
-826
In base 15, what is c + -6097?
-608a
In base 15, what is -3ce + 4d?
-381
In base 14, what is 14715 + -6?
1470d
In base 5, what is 4232404 - -3?
4232412
In base 5, what is -1012141 - 10?
-1012201
In base 12, what is 5ab + 108?
6b7
In base 15, what is -646 + 1?
-645
In base 10, what is 203 - -117?
320
In base 6, what is -534202 + -40?
-534242
In base 10, what is 4890 + -81?
4809
In base 10, what is -32646 - -11?
-32635
In base 8, what is -330 - 4210?
-4540
In base 16, what is -9 + -1152e?
-11537
In base 9, what is -2 + 31440?
31437
In base 4, what is 11 - -13331230?
13331301
In base 12, what is 3997 - -9?
39a4
In base 10, what is 2 - -75503?
75505
In base 5, what is 1 + -1212101?
-1212100
In base 10, what is 4 + 88154?
88158
In base 13, what is -2 + -62c3c?
-62c41
In base 16, what is 8012 - 4?
800e
In base 7, what is -13 - 22366?
-22412
In base 16, what is -8f + 202?
173
In base 7, what is -102645 + 3?
-102642
In base 15, what is 3 - -89277?
8927a
In base 11, what is -46 + 942?
8a7
In base 12, what is 26654 - 7?
26649
In base 13, what is -2 + -54a40?
-54a42
In base 14, what is 138 + -237?
-dd
In base 4, what is -2 - -1032111222?
1032111220
In base 10, what is 18994 + -3?
18991
In base 9, what is -20 + -4864?
-4884
In base 8, what is -1002 + 24?
-756
In base 14, what is -b - c49?
-c56
In base 8, what is -461 + 1714?
1233
In base 9, what is 11825 - 8?
11816
In base 15, what is 5 - -1079?
107e
In base 15, what is -20e7 + -26?
-211d
In base 7, what is 1065136 - -23?
1065162
In base 11, what is -5003a + -4?
-50043
In base 2, what is 11010010111 + 110?
11010011101
In base 15, what is -355 - 1dc?
-542
In base 11, what is -103716 - 5?
-103720
In base 5, what is -222 + -132213?
-132440
In base 7, what is 24032661 + -3?
24032655
In base 4, what is 2 + -13200230?
-13200222
In base 16, what is -5b7 + -2?
-5b9
In base 7, what is -2550 + 40?
-2510
In base 4, what is 321301 + 322?
322223
In base 3, what is 0 + -210011121122?
-210011121122
In base 8, what is 5 - -100740?
100745
In base 16, what is a037 - 5?
a032
In base 2, what is -11100101 + 1110111001001?
1110011100100
In base 12, what is 5ba + 205?
803
In base 16, what is -277 - 28b?
-502
In base 13, what is b986 + -15?
b971
In base 4, what is -1003102133 - -11?
-1003102122
In base 15, what is ac90 + 0?
ac90
In base 10, what is -5 - -743956?
743951
In base 12, what is -10b + -41a9?
-42b8
In base 9, what is 2 - 8753?
-8751
In base 5, what is 2 - 10114?
-10112
In base 6, what is 3 + -1043113?
-1043110
In base 6, what is 4350445 - -4?
4350453
In base 4, what is 102222 - 1033?
101123
In base 8, what is 2142 - -103?
2245
In base 9, what is -24251 + -58?
-24320
In base 10, what is 261 - -24?
285
In base 4, what is 22301120 + -32?
22301022
In base 16, what is 3d + -74a?
-70d
In base 9, what is 262 - -221?
483
In base 12, what is 316 - 215?
101
In base 13, what is -261baa - 0?
-261baa
In base 8, what is -74707 - -11?
-74676
In base 9, what is 10 + -130301?
-130281
In base 5, what is -430243200 + 3?
-430243142
In base 6, what is -125 - 2315?
-2444
In base 13, what is 0 + -8342?
-8342
In base 6, what is -3252155 - -24?
-3252131
In base 14, what is -1a5 + -34?
-1d9
In base 6, what is 105250 - -23?
105313
In base 9, what is -2 - 27618?
-27621
In base 4, what is -3230211332 + -10?
-3230212002
In base 14, what is -369b + -3?
-36a0
In base 9, what is 44407 - 1?
44406
In base 5, what is 33 - -300344?
300432
In base 8, what is 15521 - -41?
15562
In base 9, what is -151 + -141?
-302
In base 12, what is -238 + -327?
-563
In base 2, what is -11000 - 11001001?
-11100001
In base 10, what is 4 + 8784?
8788
In base 2, what is 101011001111 - 11?
101011001100
In base 7, what is 1 + 44464?
44465
In base 5, what is -1010010 + 21?
-1004434
In base 12, what is 5971 - 13?
595a
In base 15, what is -2e + -1b9?
-1e8
In base 14, what is -1b8 + 927?
74d
In base 7, what is -16 - 34413?
-34432
In base 14, what is -5 + 47d2?
47cb
In base 9, what is 2 - 1137437?
-1137435
In base 10, what is 20 - 6566?
-6546
In base 15, what is 1 + 652e?
6530
In base 3, what is 1001 + 22122110?
22200111
In base 14, what is d33d + c?
d34b
In base 7, what is 1306 - -124?
1433
In base 8, what is -3622530 + -1?
-3622531
In base 2, what is -10101011100 - -1100?
-10101010000
In base 16, what is 7 - -1168?
116f
In base 10, what is 1 - 3024?
-3023
In base 5, what is -114 + -231040?
-231204
In base 15, what is -93a86 - 1?
-93a87
In base 7, what is -511 + 251?
-230
In base 12, what is 470137 + 4?
47013b
In base 13, what is -3 + -887?
-88a
In base 13, what is 157 + 11c?
276
In base 15, what is -8dd - da?
-9c8
In base 3, what is 21022001 - 110?
21021121
In base 8, what is 16 + 11677?
11715
In base 4, what is -320322020 - -11?
-320322003
In base 13, what is -394b + -a?
-3958
In base 4, what is -223 - 11103200?
-11110023
In base 16, what is -17 + e?
-9
In base 15, what is 13 + d9d?
db1
In base 14, what is -3c54 + -5?
-3c59
In base 5, what is 2234323 - -30?
2234403
In base 4, what is -32 + 10023222?
10023130
In base 16, what is 265a - 36?
2624
In base 5, what is 314 - -3332?
4201
In base 2, what is -1111001011001 - 101?
-1111001011110
In base 8, what is 5066 - 550?
4316
In base 2, what is 100110001 - 100?
100101101
In base 12, what is -203 + -113?
-316
In base 12, what is 3 + -33a59?
-33a56
In base 8, what is 337360 - 14?
337344
In base 3, what is -21 + -2020110200?
-2020110221
In base 13, what is -146 + -790?
-906
In base 6, what is 30543 + -5?
30534
In base 4, what is -22122121 + -3?
-22122130
In base 14, what is 5 + -c1b1?
-c1aa
In base 8, what is 71254 + -1?
71253
In base 4, what is 321 + -10323130?
-10322203
In base 7, what is 2633 + -20?
2613
In base 14, what is 261 - 49?
216
In base 12, what is 61a0 - -2?
61a2
In base 12, what is 3000 + -17?
2ba5
In base 8, what is 7100 + 3723?
13023
In base 3, what is 10101121011111 + 12?
10101121011200
In base 2, what is 101 + 100001001010?
100001001111
In base 6, what is -5 + -52412?
-52421
In base 8, what is 3 + -10304?
-10301
In base 15, what is -e - -232?
223
In base 15, what is -5192 - -12?
-5180
In base 8, what is -331 + -6760?
-7311
In base 3, what is 11100201010 + 2?
11100201012
In base 13, what is -8466 - -7?
-845c
In base 2, what is 11111100101100 + 10100?
11111101000000
In base 12, what is a - -2485?
2493
In base 8, what is -412 - -1543?
1131
In base 16, what is -110d - 43?
-1150
In base 9, what is -4340 - -13?
-4326
In base 9, what is 44 + 41744?
41788
In base 2, what is 11010000000110101101 - 11?
11010000000110101010
In base 10, what is 7160 + 34?
7194
In base 3, what is -1111202210 - -2001?
-1111200202
In base 7, what is -242333 + -20?
-242353
In base 5, what is -24344 + -1004?
-30403
In base 13, what is 32 - 347?
-315
In base 2, what is -110011011 + 1010111?
-101000100
In base 12, what is 4 + 4b858?
4b860
In base 13, what is 2 + -40a066?
-40a064
In base 5, what is 4 - -14430101?
14430110
In base 5, what is 2043 - 24304?
-22211
In base 15, what is -a - -a69?
a5e
In base 2, what is -10100000001110100 - -1011?
-10100000001101001
In base 9, what is -1 - -143888?
143887
In base 15, what is 4 - -bb795?
bb799
In base 9, what is 347 + 11?
358
In base 13, what is 72 - 41?
31
In base 3, what is 102111 + -112021?
-2210
In base 13, what is -2c70a + 5?
-2c705
In base 3, what is 220112 - 0?
220112
In base 9, what is -806 + 3504?
2587
In base 16, what is 15 - 276c?
-2757
In base 7, what is 10152 - -52?
10234
In base 4, what is 0 + -10112021?
-10112021
In base 9, what is 101 + -1102?
-1001
In base 9, what is -401123 - 17?
-401141
In base 2, what is 1111 + 101001100101?
101001110100
In base 4, what is -10020 + 22112?
12032
In base 14, what is 279 - 9b2?
-737
In base 13, what is 316272 + 1?
316273
In base 3, what is -212210 + -11102?
-1001012
In base 5, what is 34 + -2230330?
-2230241
In base 13, what is -2168 - 8?
-2173
In base 12, what is -bb + 958?
859
In base 11, what is -3 + 304a?
3047
In base 5, what is -2234 + -44222?
-102011
In base 10, w